alse
Let m(k) = k**3 - k**2. Let j(g) = 8*g**3 + 5*g**2 + g - 2. Let l(s) = j(s) + 2*m(s). Let n be l(1). Suppose 0 = -n*q + 5403 - 819. Is q prime?
False
Let c = 906873 - 453910. Is c composite?
True
Suppose -10 = -3*y + x, 2*x + 8 = -y + 2. Is ((-2)/y - 5710)/(13/(-13)) a composite number?
False
Suppose 0 = s + 6 - 11. Suppose 0*n - 2*n - 3*j = -4869, s*n + 2*j = 12167. Is n a prime number?
False
Let n be (-2)/(-10) + (0 - 222/(-15)). Suppose -1384 = 11*q - n*q. Suppose -2*r + q = -448. Is r composite?
False
Suppose 0 = -40*v + 10*v + 180. Suppose -a + 74963 = v*a. Is a composite?
False
Suppose -270*d = -270*d - y, -4*d + 487636 = y. Is d prime?
True
Suppose -10*z + 485 + 595 = 0. Let y be ((-15)/9)/1*z. Is (1 - y) + 42/(-14) composite?
True
Let r(y) = 330*y**2 - y - 15. Suppose 14 = -x + 18. Is r(x) prime?
True
Suppose -2*v - 3*a - 69 = 0, 2*v - v + 3*a = -27. Let q = 71 + v. Suppose -9 - q = -z. Is z a prime number?
False
Is -1 + 1 - -75209 - (240 - 240) a composite number?
False
Let w(s) = 2312*s**2 - 3*s - 2. Let t be w(2). Let i = -5729 + t. Is i a prime number?
True
Is (-220 + -346647)/(1/(-1*3/3)) a prime number?
True
Let g(r) = 2023*r**2 + 197*r + 107. Is g(-10) composite?
False
Suppose 283 = -16*t - 101. Let r be (-40)/t - 872/(-6). Suppose r = 8*y + 27. Is y a composite number?
True
Suppose 24*y + 1381334 = 8436201 + 5120069. Is y prime?
True
Suppose -4*r = -r + 26043. Let d = -4785 - r. Suppose 6*f = 14*f - d. Is f prime?
True
Let d be 3 + 0 - (-2)/(-4)*0. Suppose 3*s + d*x = 69, -s + 3*x + 1 = -10. Is (8968/s + 5)*5 prime?
True
Suppose 5127 = q + 5*u, 3*q + 2*u - 8308 = 7125. Is q a prime number?
True
Suppose 2*k + 2*k + 32 = 0. Let v = -6 - k. Suppose 94 = -v*o + 1596. Is o a composite number?
False
Suppose 0 = 7*u - 103 + 61. Suppose -5*z - 4*p = -125039, p = -u*z + 3*z + 75022. Is z prime?
False
Is (-510993)/(-28) + 75/60 composite?
False
Suppose 0 = 4883*u - 4874*u - 744921. Is u composite?
True
Let s = 55 - 36. Suppose 1440 = 22*k - s*k. Is 4/(-4)*(1 - k) composite?
False
Let w(l) = -l**2 - 46*l + 136. Let a = -342 - -323. Is w(a) a prime number?
False
Let x(s) = s + 1. Let n(d) = 840*d - 49. Let i(p) = n(p) + 5*x(p). Is i(5) a prime number?
False
Suppose 59*l - 1857020 = 407160 - 306619. Is l prime?
True
Suppose 0 = -245*i + 9211472 + 719305 - 1792612. Is i a prime number?
False
Let j = 1381548 - 881351. Is j a composite number?
False
Let z(a) = 3*a**2 - 13*a - 5. Let t be z(10). Let o = t + -654. Let b = 8 - o. Is b composite?
True
Is 24972440/46 - 15/115 composite?
True
Let f(u) = u**2 + 3*u - 9. Let n be f(-5). Let j be ((-2129)/5)/(n/(-5)). Let z = -1278 + j. Is z composite?
True
Suppose 2*c = 21*c - 400463. Suppose 0 = -65*w + 72*w - c. Is w composite?
False
Suppose -123 + 1641 = c. Suppose p = -3*w - 2*w + 3751, 0 = -2*w + 4*p + c. Is w composite?
False
Suppose 153*c - 18309440 = 5739345 - 1757756. Is c prime?
False
Suppose -3*p = 4*p - 158739. Suppose 25*k = 22*k + p. Is k composite?
False
Let r(v) = -4145*v**3 + v**2 + 38*v + 61. Is r(-2) a composite number?
False
Let v be (2/(4/(-12938)))/((-20)/80). Is (-1)/(((-12)/3)/v) composite?
False
Suppose 11*t + 13*t + 43*t = 495197. Is t composite?
True
Let r = 8153 - -46614. Is r a composite number?
False
Suppose 4*d = -2*j + 36888, -d - j - 18440 = -3*d. Is d prime?
True
Suppose w + 4*w = 0. Suppose 0 = -v + 3*u - u + 1596, -5*u - 1602 = -v. Suppose -4*h + b = -w*b - 2121, 3*h - v = b. Is h a composite number?
True
Let k(d) = 92*d**3 + 17*d**2 - 51*d + 199. Is k(11) composite?
False
Let k(m) = m**2 - 20*m + 3. Let s be k(20). Suppose -2*i = i - 3, -2*i + 1889 = s*a. Is a composite?
True
Let t = 95022 - 51311. Is t a composite number?
False
Suppose 4*i = -31367 + 191103. Suppose 4*w + 7997 = o, 5*o - 8*w - i = -5*w. Is o composite?
True
Let x = -336 + 336. Suppose -5*o + 5*l + x*l + 27750 = 0, 2*l - 27778 = -5*o. Is o composite?
True
Let a(w) = 108*w**3 + 5*w**2 + 2*w - 25. Let p be a(11). Suppose -15*x = -5*x - p. Is x a composite number?
True
Let c = -5939 - -8640. Let m = 1690 + c. Is m a prime number?
True
Let k(s) be the second derivative of 11/6*s**3 - 7*s + 51/4*s**4 + 0 + 3/2*s**2. Is k(4) a composite number?
True
Let z(r) = -r**2 - 6*r + 18. Let h be z(-8). Suppose -h*g = 12 + 8. Is (-1)/2 + g/(-4) + 17 a composite number?
False
Let y(j) = 17*j**2 - 29*j - 111. Let l be y(-5). Let c = -5 + 171. Let t = l - c. Is t prime?
True
Let k(q) = -q**3 - 10*q**2 - 8*q + 12. Let i be k(-9). Suppose i*g = 4*a - 42245, 4111 = a + 5*g - 6433. Is a a prime number?
True
Let y = 9 - 86. Let h be 106/(-14) + 5*18/(-210). Let d = h - y. Is d composite?
True
Let g = 144 - -202. Suppose 2*o - g = 4*o. Let p = o - -276. Is p a prime number?
True
Let u = -70 + 513. Suppose -2*d + 4031 + u = 0. Is d a prime number?
True
Suppose -5*q + 339431 = -4*h + 821193, -5*h = -4*q - 602207. Is h a composite number?
True
Let v be (6/(-8))/(1/16 - 0). Let w be ((-32)/v - 3)*0. Suppose w = -3*o - o + 52. Is o prime?
True
Let j be -14*((-23065)/5 - -7). Is 1/5 - (2 - j/5) a prime number?
False
Let u be 15/12 + -1 + 1/(-4). Suppose u = -9*h - 14*h + 891595. Is h a prime number?
False
Let s(c) = 3334*c**3 - 9*c**2 - 27*c + 261. Is s(7) composite?
False
Let d be (-2)/2 - -2 - 669. Let i be 84/(0 + -21)*707/2. Let y = d - i. Is y a prime number?
False
Suppose -46*d + 208 = -5*v - 45*d, 0 = -3*v + 3*d - 120. Is ((-20)/(-70) + 144422/v)*-3 a composite number?
True
Is (-4583042)/(-6) - (-304)/114 prime?
True
Let d be ((410/(-6))/5 + 3)*-228. Suppose 9*f - 1186 = d. Suppose h + 2*u = f, 3*h - 5*u - 1453 = -269. Is h composite?
True
Suppose 651025 = 2*y - j - 7094, 2*y = 5*j + 658139. Is y a composite number?
True
Let x = 120 - 19. Let y = 414 - x. Suppose 3*h - 526 = -2*h - 4*f, 0 = 3*h + 5*f - y. Is h composite?
True
Let w(b) = -38669*b - 5184. Is w(-10) prime?
False
Suppose -105 = 10*o - 135. Is (0 - -8348) + (-2 - (-15)/o) a prime number?
False
Suppose -4*f = -f - 12777. Suppose 4*v - 4040 = -0*v. Suppose 9*c = f - v. Is c composite?
True
Let v(w) = -126*w. Let k be v(19). Let f = k - -3361. Suppose -2*x = 5*n - 0*x - 4835, f = n + x. Is n a prime number?
True
Let n = 199 - 354. Is 2/5 - 58373/n a composite number?
True
Let n(t) = -12*t**2 - 2*t**3 - 7*t**2 + 8*t**3 + 11*t - 17 + 23*t**2. Let z be n(9). Let m = -2763 + z. Is m prime?
True
Let t = 131810 + 120773. Is t prime?
True
Let c(u) = -110*u**3 - 84*u**2 - 6*u - 159. Is c(-22) a composite number?
True
Suppose 630 = 18*d - 4*d. Suppose l - 22 = -5*y + 8, -5*y = -4*l + d. Let t(v) = v**3 - 11*v**2 - 5*v - 28. Is t(l) a composite number?
False
Let b(k) = -k**3 + 2*k**2 - k + 2317. Let x(w) = -w**2 - 8*w. Let p be x(-8). Is b(p) prime?
False
Let s = -2719564 + 3949007. Is s a composite number?
False
Let s(i) = i**2 + 5*i + 1. Let h be s(-10). Let y = 180 + -111. Suppose -3*r - 4*a + h = -2*a, -4*r = 3*a - y. Is r a prime number?
False
Let r = -380430 - -225174. Is (2*1/3)/((-16)/r) a composite number?
False
Let n be (5 - 4)/(1854/924 + -2). Suppose -151*f + n*f = 6999. Is f prime?
True
Let y be 250/(-100) - (-1)/2*3. Is (-3246 + y)*(2 - 3) a prime number?
False
Let z = 10323 - 14532. Let u = z - -12472. Is u prime?
True
Suppose -491305 - 3529117 = -3*n - 11*n. Is n composite?
False
Let w(o) = o - 4. Let s be w(2). Let i be (-20)/(-130) + s/13. Suppose -15*j + 13*j + 2582 = i. Is j a prime number?
True
Let b be (-3 + 24/10 + 1)*5975. Suppose -t = 21337 + b. Is (-2)/(-4) + t/(-22) prime?
False
Let k = -181909 + 453550. Is k a prime number?
False
Suppose 2*y = 3*w - 8*w + 4894578, 0 = 2*y - 3*w - 4894594. Suppose -y = -20*n - 652354. Is n a prime number?
False
Suppose q - 3 = m - 370, 0 = -q - 4*m - 367. Let b(c) = 9*c**3 + 6*c**2 + 4*c + 5. Let u be b(-5). Let o = q - u. Is o prime?
False
Is (5986839/(-476)*-7)/(6/8) prime?
True
Suppose -28*t + 27*t = -42551. Is t a prime number?
False
Suppose -9 = -3*k - 0. Suppose 4*j = k*j - 12. Let c(v) = -371*v - 31. Is c(j) prime?
True
Suppose 0 = 2*m + 4*v + 23516, 5*m + 40612 = 2*v - 18142. Let o = -5261 - m. Is o prime?
True
Suppose 742 = 22*v - 20*v. Let w be ((-2)/3)/(3/(-810)). Suppose m - w = v. Is m a composite number?
True
Let n(c) = -1117*c - 1374. Is n(-23) composite?
False
Let c(y) = 465*y**2 + 25*y 